ed by q(0).
35
Let c = 4 + 1. Suppose -i - i = 4, g = -c*i - 1. Let q = 19 - 4. What is the remainder when q is divided by g?
6
Let w = -364 + 586. Suppose -m = m - w. What is the remainder when m is divided by 38?
35
Suppose 0 = -4*p + p - 6. Let j be 0*(4 + p)/(-6). Let z = j + 5. Calculate the remainder when z is divided by 4.
1
Suppose t - 4*c - 45 = -138, 4*t + 5*c = -414. Let n = t - -104. Calculate the remainder when n is divided by ((-6)/9)/((-4)/18).
0
Suppose 4*a = -3*s - 52 + 104, -5*s + 44 = -4*a. What is the remainder when -4*(-1 - 13/4) is divided by s?
5
Let p = -14 + 18. Suppose 3*i = 34 - p. Calculate the remainder when 39 is divided by i.
9
Let d(j) = 29*j + 70. What is the remainder when 81 is divided by d(-2)?
9
Let s = 5 + -3. What is the remainder when (-188)/(-4) - (-6)/(-3) is divided by (s/(-3))/((-5)/90)?
9
Let j(r) = 3*r**2 + 11*r - 4. Let b be j(-8). Let n = b + -23. What is the remainder when n is divided by 20?
17
What is the remainder when 639 is divided by 10/(-8)*(-248)/62 - -152?
11
Let y(w) = 4*w**2 + 14. What is the remainder when 179 is divided by y(0)?
11
Suppose -15 = 5*v + 5*s, -5*s = -0*v - v - 9. Let j(p) = -p**2 - 3*p + 180. What is the remainder when 1/(-2) - 414/v is divided by j(11)?
25
Let a(y) = 33*y**3 - 3*y**2 + 4*y - 3. Calculate the remainder when 103 is divided by a(1).
10
Suppose -22*z + 24*z - 4 = 0. Suppose w + 119 = z*s, -w = 3*s - 3*w - 179. Calculate the remainder when s is divided by 21.
17
Let s(b) = -b**2 + 7*b + 2. Let o be s(7). Suppose -o*p - 54 = -4*m, -4*p = m - 2*p - 6. What is the remainder when 46 is divided by m?
10
Suppose -3*m = -0*m + 12, -2*f - m + 44 = 0. Suppose -23*v - 81 = -f*v. What is the remainder when v is divided by ((-6)/4)/(4/(-56))?
18
Let m = -158 + 194. Calculate the remainder when 139 is divided by m.
31
Let k(g) = -16*g - 542. What is the remainder when 1204 is divided by k(-35)?
16
Let g = -1 + 19. Let y = 399 - 240. What is the remainder when y is divided by g?
15
Let l(s) = -s**2 - 5*s + 2. Let d be l(-5). Suppose d*h - 114 = -4*y, 2*h - h + 4*y = 61. What is the remainder when h is divided by 14?
11
Suppose p - 5 = 3. Suppose -5*u - 9 = -p*u. Suppose u*g + 3*s - 144 = 0, 3*g + g + 3*s - 188 = 0. Calculate the remainder when g is divided by 9.
8
Suppose 84 = 4*f - 4*i, -51*f - i = -55*f + 87. Suppose -165 = 3*x - 552. What is the remainder when x is divided by f?
19
Suppose 4*n - 4 = 8*p - 3*p, 2*p = 2*n - 2. Let h(c) = c + 82. Calculate the remainder when h(p) is divided by (-82)/(-3) + (-2)/(-3).
26
Let m = 444 + -376. What is the remainder when m is divided by 35?
33
Suppose 4*b + 115 = 3*t + 6*b, -4*b = 16. What is the remainder when 359 is divided by t?
31
Let n be 8/5 + 4*4/40. Suppose n*k = 4*x - 2*k - 60, 0 = x + 2*k - 30. What is the remainder when x is divided by 7?
6
Calculate the remainder when 257 is divided by (-19)/((-19)/(-6)) + (-4 - -36).
23
Let w be (16/10)/(1/(-5)). Let p(s) = -s**2 - 11*s + 5. Calculate the remainder when p(w) is divided by 8.
5
Let d(f) = -f**3 - 4*f**2 - 4*f - 5. Let q(p) = -p**2 + 3*p - 11*p - 2 + 4 + 3. Let k be q(-9). What is the remainder when 30 is divided by d(k)?
8
Let o(x) = 1 + x - x**3 + 0*x**3 + 3*x**2 - 2*x**2. Let p = 13 - 13. What is the remainder when o(p) is divided by 1?
0
What is the remainder when -4 + 1982/16 - (-2)/16 is divided by 14?
8
Let n = 1910 - 1853. Calculate the remainder when 233 is divided by n.
5
Suppose 3105 + 31135 = 32*t. What is the remainder when t is divided by 134?
132
Let h(k) = 3*k**2 - 20*k - 36. What is the remainder when h(-7) is divided by 128?
123
Let z be (4/(-5))/(12/270). Let f be (2 + 55)*(-6)/z. Suppose -d = 6*v - 3*v - f, 4*d - 4*v - 44 = 0. What is the remainder when 51 is divided by d?
12
Let j(b) = -3*b**3 - 67*b**2 - 84*b + 31. What is the remainder when 90 is divided by j(-21)?
28
Suppose 2*u = 3*t - 2*u - 9, -5*t = 2*u - 41. Let b(q) = -5*q**2 + 28*q - 2. What is the remainder when b(5) is divided by t?
6
Let h = -93 + 172. Suppose -4*b = 8, 4*s - 65 = -5*b + 33. Calculate the remainder when h is divided by s.
25
Let v(n) = 127*n - 33. What is the remainder when v(3) is divided by 14?
12
Suppose -109*q + 117*q - 1952 = 0. What is the remainder when q is divided by 13?
10
Suppose 3*y + 58 = -3*r - 71, -5*y = 3*r + 135. Let q = -9 - r. What is the remainder when q is divided by 11?
9
Suppose -5*n = 2*b - 39, n + 0*b - b - 5 = 0. Suppose -l + n - 1 = 0. Let k(i) = -13*i + 4. What is the remainder when k(-1) is divided by l?
5
What is the remainder when 30 is divided by -6 + 8 + -2 + 13/1?
4
Suppose 0 = -z - 5*p + 60, 3*z + 0*p = -5*p + 140. Calculate the remainder when z is divided by 15.
10
Let b = -1256 + 1276. Calculate the remainder when 1378 is divided by b.
18
Let y(m) = -m**3 + 18*m**2 + 19*m + 31. What is the remainder when 164 is divided by y(19)?
9
Suppose 0*x + x - 68 = 0. What is the remainder when x is divided by 20?
8
Suppose -3 - 14 = -2*r + y, y = -r + 10. Suppose a - r = -2*f + 20, -4*a + 108 = 4*f. What is the remainder when 47 is divided by a?
22
Let t be 2 + 1 - (-4)/4. Suppose -t*w = w + 365. Calculate the remainder when 48 is divided by (-2)/(-3) - w/3.
23
Let k be (19 + 1)*2/8. Let t(j) = 10*j**2 + 2*j - 3*j - 5*j**2 + k. What is the remainder when 68 is divided by t(2)?
22
Suppose -28 = -0*l - 2*l. Suppose 5*y - 6 = 4*p + 3, -3*y - p + 19 = 0. Calculate the remainder when 3 - (y - -1) - -29 is divided by l.
12
What is the remainder when 198 is divided by 29*(3/(-1) + (-2 - -6))?
24
Let n(q) = -3*q + 14. Suppose 6*t = 5*t - 3. What is the remainder when 87 is divided by n(t)?
18
Let w(b) = -2*b**3 + 6*b**2 + 7. Calculate the remainder when 41 is divided by w(3).
6
Let g be 2/1 + 17 + -27. What is the remainder when 56 is divided by 2*((-116)/g - 0)?
27
Let i be (-1 - 3 - 0) + 11 + -19. Suppose -m + 45 = 15. Let y = m + i. Calculate the remainder when y is divided by 7.
4
Suppose -4*l + 61 = 5*m, -l - 1 = -m - m. Let k = 16 - l. What is the remainder when 25 is divided by k?
4
Calculate the remainder when 128 is divided by 5 - ((-36)/30 - (-916)/(-20)).
24
Let u = 1044 + -1013. What is the remainder when 32 is divided by u?
1
Calculate the remainder when 177 is divided by (-4)/(-38) - (-6 + (-231)/(-209)).
2
Let h be 4 + ((-6)/3)/2. Suppose -h*k - 3*q = -24, -k - 3*q - 24 = -2*k. Calculate the remainder when 23 is divided by k.
11
Let q(d) = 3*d**2 - d - 1. Let y(v) = -v**3 - 44*v**2 + 3485*v + 205. What is the remainder when y(-85) is divided by q(3)?
21
What is the remainder when 211 is divided by ((-110)/(-165))/(((-7)/66)/(-7))?
35
Let c = 69 + -41. Let n = -6 + c. Calculate the remainder when 64 is divided by n.
20
Let i = 88 + -85. Calculate the remainder when 47 is divided by ((-69)/(-46))/(i/14).
5
Let h = -53 + 55. Let q(p) = 12*p - 6. Calculate the remainder when q(h) is divided by 12.
6
Suppose -5*x + 2*u = 5*u - 1084, 3*x - 639 = 2*u. Calculate the remainder when x is divided by 41.
10
Let z(x) = x**2 + 2*x - 5. Let y be z(-6). Let q = y + -13. Let p = 1039 + -1016. Calculate the remainder when p is divided by q.
5
Suppose 43*a = 44*a. What is the remainder when (-101)/(-9) + 8/(-36) + a is divided by 5?
1
What is the remainder when 94 is divided by (-21 - -4)/(3 - 4)?
9
Let l = 20 + -14. Let i = l - -6. What is the remainder when 1/(-4) + 181/4 is divided by i?
9
Let n(v) = -v**3 - 2*v**2 - v + 2. Suppose 1117 = 119*q + 59*q - 1019. Calculate the remainder when n(-3) is divided by q.
2
Let v = -256 - -517. Calculate the remainder when v is divided by 44.
41
Suppose 2*g - 3*v - 33 = 0, 37*g - 3*v = 41*g - 57. What is the remainder when 139 is divided by g?
4
Let f be 1 - (4 - 2 - 4). Suppose 158 - 80 = 3*m. Suppose 0 = -0*c - f*c + 3*l + 6, -5*l = 4*c - m. Calculate the remainder when 5 is divided by c.
1
Suppose 0 = -5*w + 33 + 17. Let r = 13 + w. Suppose 0 = 5*x + 3*b + b - 38, 0 = -3*x - 2*b + 22. What is the remainder when r is divided by x?
5
Suppose 52 + 53 = 3*o. Calculate the remainder when o is divided by 14.
7
Suppose -4*s - 11 = -0*s + 3*b, 2*s + 4*b = -18. Let y(z) = -2*z**2 + 2*z + 19*z**2 - 2*z. What is the remainder when 48 is divided by y(s)?
14
Suppose -26 - 86 = -4*h - 2*m, -m + 2 = 0. What is the re